06 is divided by 55645.
16
Calculate the remainder when 78278 is divided by 26090.
8
What is the remainder when 61467 is divided by 15366?
3
What is the remainder when 5811 is divided by 34?
31
Calculate the remainder when 573551 is divided by 14.
13
What is the remainder when 3672 is divided by 1221?
9
Calculate the remainder when 433998 is divided by 28.
26
Calculate the remainder when 12772 is divided by 456.
4
Calculate the remainder when 56121 is divided by 81.
69
What is the remainder when 440775 is divided by 926?
925
Calculate the remainder when 60626 is divided by 831.
794
Calculate the remainder when 1856 is divided by 362.
46
What is the remainder when 251928 is divided by 95?
83
Calculate the remainder when 2678 is divided by 200.
78
Calculate the remainder when 1276 is divided by 213.
211
What is the remainder when 2944 is divided by 383?
263
What is the remainder when 18120 is divided by 125?
120
Calculate the remainder when 21868 is divided by 18.
16
Calculate the remainder when 22110 is divided by 606.
294
Calculate the remainder when 40440 is divided by 128.
120
What is the remainder when 2061 is divided by 8?
5
What is the remainder when 24945 is divided by 70?
25
Calculate the remainder when 489581 is divided by 1197.
8
What is the remainder when 8902 is divided by 1219?
369
What is the remainder when 9221 is divided by 174?
173
Calculate the remainder when 1746 is divided by 45.
36
Calculate the remainder when 4370 is divided by 1945.
480
What is the remainder when 17879 is divided by 149?
148
Calculate the remainder when 79754 is divided by 508.
506
What is the remainder when 450859 is divided by 12?
7
What is the remainder when 6900 is divided by 459?
15
What is the remainder when 899 is divided by 538?
361
Calculate the remainder when 3209 is divided by 1585.
39
What is the remainder when 319636 is divided by 319621?
15
Calculate the remainder when 542565 is divided by 74.
71
What is the remainder when 9789 is divided by 121?
109
Calculate the remainder when 498622 is divided by 249300.
22
What is the remainder when 424973 is divided by 16?
13
What is the remainder when 111587 is divided by 18577?
125
What is the remainder when 37198 is divided by 200?
198
Calculate the remainder when 51105 is divided by 101.
100
What is the remainder when 430554 is divided by 13?
7
Calculate the remainder when 3525 is divided by 248.
53
Calculate the remainder when 744469 is divided by 10.
9
Calculate the remainder when 23835 is divided by 1324.
3
Calculate the remainder when 904 is divided by 154.
134
Calculate the remainder when 3574 is divided by 108.
10
What is the remainder when 2523 is divided by 103?
51
Calculate the remainder when 8177 is divided by 97.
29
Calculate the remainder when 32849 is divided by 365.
364
What is the remainder when 276963 is divided by 805?
43
Calculate the remainder when 7259 is divided by 1812.
11
What is the remainder when 16398 is divided by 269?
258
What is the remainder when 697 is divided by 293?
111
What is the remainder when 4712 is divided by 921?
107
Calculate the remainder when 182859 is divided by 45709.
23
Calculate the remainder when 11360 is divided by 757.
5
Calculate the remainder when 2800 is divided by 2375.
425
Calculate the remainder when 1486 is divided by 37.
6
What is the remainder when 38213 is divided by 151?
10
Calculate the remainder when 546500 is divided by 14.
10
Calculate the remainder when 17224 is divided by 23.
20
Calculate the remainder when 9385 is divided by 26.
25
Calculate the remainder when 27192 is divided by 2719.
2
What is the remainder when 209836 is divided by 305?
301
Calculate the remainder when 1923031 is divided by 32.
23
Calculate the remainder when 115077 is divided by 30.
27
What is the remainder when 87354 is divided by 111?
108
Calculate the remainder when 4988 is divided by 128.
124
What is the remainder when 341106 is divided by 212?
210
What is the remainder when 28123 is divided by 303?
247
Calculate the remainder when 36958 is divided by 7391.
3
Calculate the remainder when 1084 is divided by 539.
6
Calculate the remainder when 38355 is divided by 227.
219
Calculate the remainder when 39709 is divided by 217.
215
What is the remainder when 28281 is divided by 27?
12
What is the remainder when 36249 is divided by 1939?
1347
What is the remainder when 413783 is divided by 19?
1
What is the remainder when 8225 is divided by 420?
245
Calculate the remainder when 1991 is divided by 148.
67
Calculate the remainder when 115046 is divided by 38344.
14
What is the remainder when 20693 is divided by 101?
89
Calculate the remainder when 35368 is divided by 8730.
448
Calculate the remainder when 1503 is divided by 97.
48
What is the remainder when 294 is divided by 163?
131
What is the remainder when 614094 is divided by 2?
0
Calculate the remainder when 1058 is divided by 89.
79
What is the remainder when 2268 is divided by 329?
294
What is the remainder when 5793 is divided by 89?
8
What is the remainder when 435152 is divided by 1720?
1712
What is the remainder when 26813 is divided by 123?
122
Calculate the remainder when 2445 is divided by 344.
37
What is the remainder when 15209 is divided by 950?
9
Calculate the remainder when 4616 is divided by 300.
116
What is the remainder when 281350 is divided by 11254?
0
Calculate the remainder when 72333 is divided by 247.
209
Calculate the remainder when 68493 is divided by 3805.
3
Calculate the remainder when 1259 is divided by 1124.
135
What is the remainder when 861 is divided by 36?
33
Calculate the remainder when 165187 is divided by 44.
11
Calculate the remainder when 2462 is divided by 1224.
14
What is the remainder when 10121 is divided by 34?
23
Calculate the remainder when 880 is divided by 248.
136
What is the remainder when 118568 is divided by 1976?
8
Calculate the remainder when 659 is divided by 81.
11
What is the remainder when 191647 is divided by 77?
71
Calculate the remainder when 20242 is divided by 6549.
595
What is the remainder when 9026 is divided by 311?
7
What is the remainder when 11418 is divided by 3799?
21
Calculate the remainder when 120635 is divided by 108.
107
Calculate the remainder when 1255 is divided by 113.
12
Calculate the remainder when 6300 is divided by 529.
481
What is the remainder when 49106 is divided by 82?
70
Calculate the remainder when 3541 is divided by 43.
15
Calculate the remainder when 5471 is divided by 489.
92
What is the remainder when 6739 is divided by 6710?
29
What is the remainder when 80215 is divided by 4454?
43
Calculate the remainder when 18612 is divided by 1033.
18
Calculate the remainder when 1221 is divided by 24.
21
What is the remainder when 21090 is divided by 822?
540
What is the remainder when 4909 is divided by 141?
115
Calculate the remainder when 459358 is divided by 55.
53
Calculate the remainder when 51273 is divided by 7324.
5
Calculate the remainder when 801 is divided by 759.
42
What is the remainder when 6920 is divided by 498?
446
Calculate the remainder when 1146 is divided by 63.
12
What is the remainder when 355653 is divided by 58?
55
Calculate the remainder when 2055 is divided by 929.
197
What is the remainder when 27667 is divided by 3072?
19
Calculate the remainder when 114033 is divided by 576.
561
What is the remainder when 867 is divided by 24?
3
What is the remainder when 31304 is divided by 1111?
196
What is the remainder when 6154 is divided by 2023?
85
What is the remainder when 183625 is divided by 30?
25
Calculate the remainder when 252048 is divided by 418.
412
Calculate the remainder when 1764 is divided by 262.
192
Calculate the remainder when 7138213 is divided by 301.
299
What is the remainder when 3520 is divided by 201?
103
What is the remainder when 4785 is divided by 133?
130
Calculate the remainder when 70420 is divided by 70.
0
Calculate the remainder when 18596 is divided by 17994.
602
What is the remainder when 59987 is divided by 2999?
7
What is the remainder when 17840 is divided by 2093?
1096
Calculate the remainder when 881179 is divided by 197.
195
What is the remainder when 149373 is divided by 14?
7
Calculate the remainder when 9702 is divided by 536.
54
What is the remainder when 19